{"id":93,"date":"2021-11-22T15:26:53","date_gmt":"2021-11-22T14:26:53","guid":{"rendered":"http:\/\/localhost\/cifvieml\/?page_id=93"},"modified":"2021-11-22T15:26:53","modified_gmt":"2021-11-22T14:26:53","slug":"per-plan-epargne-retraite","status":"publish","type":"page","link":"https:\/\/cif-vie-mali.com\/index.php\/per-plan-epargne-retraite\/","title":{"rendered":"PER &#8211; PLAN EPARGNE RETRAITE"},"content":{"rendered":"<div id=\"wppb-builder-container\" class=\"wppb-builder-container\">                <div  class=\"wppb-row-parent  wppb-row-1643122919948 \"  >\n\t\t\t\t\t\n\t\t\t\t\t\t\t\t\t\t\n\t\t\t\t\t\t\t\t\t\t\n\t\t\t\t\t<div class=\"wppb-container \">\n\t\t\t\t\t\t\t\t\t\t\t\t\t\n                        <div class=\"wppb-row\">\n\t\t\t\t\t\t\t                                    <div  class=\"wppb-column-parent wppb-column-parent-view wppb-col-1643122919947  \"  >\n                                        <div class=\"wppb-column\">\n\t\t\t\t\t\n\t\t\t\t\t\t\t\t\t\t\t\n                                            <div class=\"wppb-builder-addons\">\n\t\t\t\t\t\t\t\t\t\t\t\t<div class='wppb-builder-addon wppb-addon-1643123083464 wppb-wow rotateInDownRight'  data-wow-delay='800ms'  data-wow-duration='889ms'  data-addon-id='1643123083464'><div class='wppb-addon'><div class=\"wppb-tab-addon\"><div class=\"wppb-tab-addon-content horizontal-tab horizontalleft verticalleft \"><ul class=\"wppb-tab-nav\"><li class=\"wppb-tab-nav-list wppb-nav-left active\" data-tab=\"tab-0769515\"><div class=\"wppb-tab-nav-list-wrap\"><div><span class=\"wppb-tab-title-content\">PER \u2013 PLAN EPARGNE RETRAITE<\/span><\/div><\/div><\/li><\/ul><div class=\"wppb-tab-content-wrap\"><div id=\"tab-0769515\" class=\"wppb-tab-content active\"><p><strong>OBJET DU CONTRAT<\/strong><\/p><p>Le contrat a pour objet de garantir la constitution d\u2019une \u00e9pargne en vue de la retraite. Au terme du contrat, CIF-VIE Mali verse \u00e0 l\u2019Assur\u00e9 le montant de l\u2019\u00e9pargne constitu\u00e9e.<\/p><p><strong>ASSURES<\/strong><\/p><p>L'assurance est ouverte, dans les conditions stipul\u00e9es au contrat et rappel\u00e9es ci-dessous aux adh\u00e9rents membres de la caisse.<\/p><p><strong>FORMALITES D\u2019ADHESION<\/strong><\/p><p>L'\u00e2ge d'entr\u00e9e \u00e0 l'assurance est fix\u00e9 \u00e0 la date d'adh\u00e9sion \u00e0 l\u2019\u00e2ge de retraite moins cinq ans.<\/p><p><strong>GARANTIES ACCORDEES<\/strong><\/p><p>En cas de vie au terme du contrat, l\u2019Assureur verse le montant de l\u2019\u00e9pargne acquise :<\/p><ul><li>\u00c0 l\u2019Assur\u00e9.<\/li><\/ul><p>En cas de d\u00e9c\u00e8s ou d\u2019invalidit\u00e9 absolue et d\u00e9finitive de la personne assur\u00e9e, l\u2019Assureur verse l\u2019\u00e9pargne acquise :<\/p><ul><li>Au (x) b\u00e9n\u00e9ficiaires d\u00e9sign\u00e9s ou ayants droit.<\/li><\/ul><p><strong>PAIEMENT DES CAPITAUX ET VALEURS DE RACHAT<\/strong><\/p><p>Si l\u2019assur\u00e9 est en vie au terme du contrat, l\u2019\u00e9pargne acquise sera vers\u00e9e au b\u00e9n\u00e9ficiaire en cas de vie moyennant une quittance dat\u00e9e et sign\u00e9e par ce dernier et production d\u2019une photocopie recto\/verso de sa carte d\u2019identit\u00e9 ou de tout autre document d\u2019identification qui lui serait r\u00e9clam\u00e9 par CIF-VIE Mali.<\/p><p>La liquidation de l\u2019\u00e9pargne acquise met fin au contrat.<\/p><p>Si l\u2019assur\u00e9 d\u00e9c\u00e8de avant le terme du contrat, le capital d\u00e9c\u00e8s sera vers\u00e9 au(x) b\u00e9n\u00e9ficiaire(s) d\u00e9sign\u00e9(s) moyennant:<\/p><ul><li>Pr\u00e9sentation d\u2019un extrait d\u2019acte de d\u00e9c\u00e8s,<\/li><li>Restitution du contrat,<\/li><li>Pr\u00e9sentation de la quittance dat\u00e9e et sign\u00e9e par chaque b\u00e9n\u00e9ficiaire pour la part de capital qui lui revient et<\/li><li>Production par chacun d\u2019une copie recto\/verso de sa carte d\u2019identit\u00e9<\/li><\/ul><p>En cas de d\u00e9c\u00e8s de l\u2019assur\u00e9 provoqu\u00e9 par le fait intentionnel d\u2019un b\u00e9n\u00e9ficiaire ou \u00e0 son instigation, la part du capital d\u00e9c\u00e8s stipul\u00e9e en sa faveur sera vers\u00e9e aux autres b\u00e9n\u00e9ficiaires ou, \u00e0 d\u00e9faut, \u00e0 la succession du preneur d\u2019assurance.<\/p><p>La liquidation de l\u2019\u00e9pargne acquise met fin au contrat.<\/p><p>La liquidation de l\u2019\u00e9pargne acquise met fin au contrat.<\/p><p>En cas de retrait total ou partiel, le montant du retrait sera vers\u00e9 au preneur d\u2019assurance moyennant<\/p><ul><li>Quittance dat\u00e9e et sign\u00e9e et<\/li><li>Production d\u2019une photocopie recto\/verso de sa carte d\u2019identit\u00e9.<\/li><\/ul><p>Le rachat sorti ses effets \u00e0 la date \u00e0 laquelle la quittance de rachat ou tout autre document \u00e9quivalent est sign\u00e9 pour accord par le preneur d\u2019assurance. Cette quittance ne sera toutefois opposable \u00e0 CIF-VIE Mali qu\u2019\u00e0 partir du moment o\u00f9 elle sera en sa possession.<\/p><p>Le rachat total met fin au contrat.<\/p><p><strong>FORMALITES A REMPLIR EN CAS DE SINISTRE<\/strong><\/p><p>Les capitaux assur\u00e9s sont pay\u00e9s contre quittance, d\u00e8s r\u00e9ception par CIF-VIE Mali des pi\u00e8ces justificatives suivantes :<\/p><ul><li>L\u2019exemplaire sign\u00e9 du contrat et des avenants \u00e9ventuels ;<\/li><li>Les coordonn\u00e9es des b\u00e9n\u00e9ficiaires ;<\/li><li>Les coordonn\u00e9es de la personne effectuant les d\u00e9marches.<\/li><li>En cas de d\u00e9c\u00e8s de l'assur\u00e9 :<\/li><li>Un extrait de l'acte de d\u00e9c\u00e8s de l\u2019assur\u00e9 ;<\/li><li>Une attestation m\u00e9dicale indiquant la cause du d\u00e9c\u00e8s ;<\/li><li>Une d\u00e9claration de d\u00e9c\u00e8s.<\/li><\/ul><ul><li>En cas d\u2019invalidit\u00e9 absolue et d\u00e9finitive de l'assur\u00e9 :<\/li><li>Une d\u00e9claration de d\u2019invalidit\u00e9 absolue et d\u00e9finitive.<\/li><li>Une attestation m\u00e9dicale indiquant l\u2019\u00e9tat d\u2019invalidit\u00e9 de l\u2019Assur\u00e9.<\/li><\/ul><p><strong>FORMALITES A REMPLIR EN CAS DE VIE AU TERME DU CONTRAT<\/strong><\/p><p>Les capitaux assur\u00e9s sont pay\u00e9s contre quittance, d\u00e8s r\u00e9ception par CIF-VIE Mali des pi\u00e8ces justificatives suivantes :<\/p><ul><li>L\u2019exemplaire sign\u00e9 du contrat et des avenants \u00e9ventuels ;<\/li><li>Les coordonn\u00e9es des b\u00e9n\u00e9ficiaires ;<\/li><li>Une photocopie recto\/verso de (s) carte(s) d\u2019identit\u00e9.<\/li><\/ul><\/div><\/div><\/div><\/div><\/div><\/div>                                            <\/div>\n                                        <\/div>\n                                    <\/div>\n\t\t\t\t\t\t\t\t\t                        <\/div>\n\n                    <\/div>\n                <\/div>\n\t\t\t\t                <div  class=\"wppb-row-parent  wppb-row-1643123083648 \"  >\n\t\t\t\t\t\n\t\t\t\t\t\t\t\t\t\t\n\t\t\t\t\t\t\t\t\t\t\n\t\t\t\t\t<div class=\"wppb-container \">\n\t\t\t\t\t\t\t\t\t\t\t\t\t\n                        <div class=\"wppb-row\">\n\t\t\t\t\t\t\t                                    <div  class=\"wppb-column-parent wppb-column-parent-view wppb-col-1643123083647  \"  >\n                                        <div class=\"wppb-column\">\n\t\t\t\t\t\n\t\t\t\t\t\t\t\t\t\t\t\n                                            <div class=\"wppb-builder-addons\">\n\t\t\t\t\t\t\t\t\t\t\t\t<div class='wppb-builder-addon wppb-addon-1643123659825'  data-addon-id='1643123659825'><div class='wppb-addon'><div class=\"wppb-social-addon\"><div class=\"wppb-social-addon-content\"><ul class=\"wppb-social-button  wppb-social-rounded wppb-social-xlarge\"><li class=\"wppb-social-button-list repeater-0\"><a href=\"http:\/\/wa.me\/76655365\" class=\"wppb-social-btn  wppb-social-success\" =_self target=\"_blank\" rel=\"noopener\"><i class=\"fab fa-whatsapp\"><\/i><span>ADHERER A CE PRODUIT ICI<\/span><\/a><\/li><\/ul><\/div><\/div><\/div><\/div>                                            <\/div>\n                                        <\/div>\n                                    <\/div>\n\t\t\t\t\t\t\t\t\t                                    <div  class=\"wppb-column-parent wppb-column-parent-view wppb-col-1643123659828  \"  >\n                                        <div class=\"wppb-column\">\n\t\t\t\t\t\n\t\t\t\t\t\t\t\t\t\t\t\n                                            <div class=\"wppb-builder-addons\">\n\t\t\t\t\t\t\t\t\t\t\t\t<div class='wppb-builder-addon wppb-addon-1643123720269'  data-addon-id='1643123720269'><div class='wppb-addon'><div class=\"wppb-social-addon\"><div class=\"wppb-social-addon-content\"><ul class=\"wppb-social-button  wppb-social-rounded wppb-social-xlarge\"><li class=\"wppb-social-button-list repeater-0\"><a  href=\"#\" target=_self class=\"wppb-social-btn  wppb-social-success\"><i class=\"\"><\/i><span>DEMANDER PLUS D&#039;INFOS ICI<\/span><\/a><\/li><\/ul><\/div><\/div><\/div><\/div>                                            <\/div>\n                                        <\/div>\n                                    <\/div>\n\t\t\t\t\t\t\t\t\t                        <\/div>\n\n                    <\/div>\n                <\/div>\n\t\t\t\t<\/div>","protected":false},"excerpt":{"rendered":"<p>PER \u2013 PLAN EPARGNE RETRAITEOBJET DU CONTRATLe contrat a pour objet de garantir la constitution d\u2019une \u00e9pargne en vue de la retraite. Au terme du contrat, CIF-VIE Mali verse \u00e0 l\u2019Assur\u00e9 le montant de l\u2019\u00e9pargne constitu\u00e9e.ASSURESL&rsquo;assurance est ouverte, dans les conditions stipul\u00e9es au contrat et rappel\u00e9es ci-dessous aux adh\u00e9rents membres de la caisse.FORMALITES D\u2019ADHESIONL&rsquo;\u00e2ge d&rsquo;entr\u00e9e [&hellip;]<\/p>\n","protected":false},"author":1,"featured_media":0,"parent":0,"menu_order":0,"comment_status":"closed","ping_status":"closed","template":"","meta":{"footnotes":""},"class_list":["post-93","page","type-page","status-publish","hentry","wpbf-post"],"jetpack-related-posts":[],"jetpack_sharing_enabled":true,"_links":{"self":[{"href":"https:\/\/cif-vie-mali.com\/index.php\/wp-json\/wp\/v2\/pages\/93","targetHints":{"allow":["GET"]}}],"collection":[{"href":"https:\/\/cif-vie-mali.com\/index.php\/wp-json\/wp\/v2\/pages"}],"about":[{"href":"https:\/\/cif-vie-mali.com\/index.php\/wp-json\/wp\/v2\/types\/page"}],"author":[{"embeddable":true,"href":"https:\/\/cif-vie-mali.com\/index.php\/wp-json\/wp\/v2\/users\/1"}],"replies":[{"embeddable":true,"href":"https:\/\/cif-vie-mali.com\/index.php\/wp-json\/wp\/v2\/comments?post=93"}],"version-history":[{"count":1,"href":"https:\/\/cif-vie-mali.com\/index.php\/wp-json\/wp\/v2\/pages\/93\/revisions"}],"predecessor-version":[{"id":97,"href":"https:\/\/cif-vie-mali.com\/index.php\/wp-json\/wp\/v2\/pages\/93\/revisions\/97"}],"wp:attachment":[{"href":"https:\/\/cif-vie-mali.com\/index.php\/wp-json\/wp\/v2\/media?parent=93"}],"curies":[{"name":"wp","href":"https:\/\/api.w.org\/{rel}","templated":true}]}}